{"id":1213,"date":"2011-05-14T20:42:54","date_gmt":"2011-05-14T20:42:54","guid":{"rendered":"https:\/\/atletismotriatlonlucena.com\/?page_id=1213"},"modified":"2011-05-14T20:42:54","modified_gmt":"2011-05-14T20:42:54","slug":"fotografias-del-circuito-2011","status":"publish","type":"page","link":"https:\/\/atletismotriatlonlucena.com\/?page_id=1213","title":{"rendered":"Fotografias del Circuito 2011"},"content":{"rendered":"<p><a title=\"Fotografias de Circuito DiPUTACION 2011\" href=\"http:\/\/www.fedatletismoandaluz.net\/index.php?option=com_easygallery&amp;Itemid=318\" target=\"_blank\"><span style=\"color: #ff0000;\">http:\/\/www.fedatletismoandaluz.net\/index.php?option=com_easygallery&amp;Itemid=318<\/span><\/a><\/p>\n<p><a title=\"Fotografias de Circuito DiPUTACION 2011\" href=\"http:\/\/www.fedatletismoandaluz.net\/index.php?option=com_easygallery&amp;Itemid=318\" target=\"_blank\"><\/a><a href=\"http:\/\/www.fedatletismoandaluz.net\/index.php?option=com_easygallery&amp;Itemid=318\"><br \/>\n<\/a>Pinchando en este enlace entraras en la pagina de la Federaci\u00f3n Andaluza de Atletismo donde est\u00e1n muchas fotograf\u00edas del Circuito,<\/p>\n<p>Prueba a verlas&#8230;.TE GUSTARAN<\/p>\n","protected":false},"excerpt":{"rendered":"<p>http:\/\/www.fedatletismoandaluz.net\/index.php?option=com_easygallery&amp;Itemid=318 Pinchando en este enlace entraras en la pagina de la Federaci\u00f3n Andaluza de Atletismo donde est\u00e1n muchas fotograf\u00edas del Circuito, Prueba a verlas&#8230;.TE GUSTARAN<\/p>\n","protected":false},"author":2,"featured_media":0,"parent":317,"menu_order":0,"comment_status":"open","ping_status":"open","template":"","meta":{"footnotes":"","_links_to":"","_links_to_target":""},"class_list":["post-1213","page","type-page","status-publish","hentry"],"_links":{"self":[{"href":"https:\/\/atletismotriatlonlucena.com\/index.php?rest_route=\/wp\/v2\/pages\/1213","targetHints":{"allow":["GET"]}}],"collection":[{"href":"https:\/\/atletismotriatlonlucena.com\/index.php?rest_route=\/wp\/v2\/pages"}],"about":[{"href":"https:\/\/atletismotriatlonlucena.com\/index.php?rest_route=\/wp\/v2\/types\/page"}],"author":[{"embeddable":true,"href":"https:\/\/atletismotriatlonlucena.com\/index.php?rest_route=\/wp\/v2\/users\/2"}],"replies":[{"embeddable":true,"href":"https:\/\/atletismotriatlonlucena.com\/index.php?rest_route=%2Fwp%2Fv2%2Fcomments&post=1213"}],"version-history":[{"count":0,"href":"https:\/\/atletismotriatlonlucena.com\/index.php?rest_route=\/wp\/v2\/pages\/1213\/revisions"}],"up":[{"embeddable":true,"href":"https:\/\/atletismotriatlonlucena.com\/index.php?rest_route=\/wp\/v2\/pages\/317"}],"wp:attachment":[{"href":"https:\/\/atletismotriatlonlucena.com\/index.php?rest_route=%2Fwp%2Fv2%2Fmedia&parent=1213"}],"curies":[{"name":"wp","href":"https:\/\/api.w.org\/{rel}","templated":true}]}}