{"id":331,"date":"2010-08-25T18:19:56","date_gmt":"2010-08-25T18:19:56","guid":{"rendered":"https:\/\/atletismotriatlonlucena.com\/?page_id=331"},"modified":"2011-09-12T08:51:46","modified_gmt":"2011-09-12T08:51:46","slug":"proximas-carreras","status":"publish","type":"page","link":"https:\/\/atletismotriatlonlucena.com\/?page_id=331","title":{"rendered":"Pr\u00f3ximas carreras"},"content":{"rendered":"<div>\n<p><a href=\"http:\/\/www.fedatletismoandaluz.net\/index.php?Itemid=218&amp;option=com_extcalendar\"><span style=\"color: #800080;\">Federaci\u00f3n Andaluza de Atletismo. Calendario de Carreras<\/span><\/a><\/p>\n<p><span style=\"color: #800080;\"><a href=\"https:\/\/www.dipucordoba.es\/uploads\/attachments\/4254\/Cartel_Carreras_Circuito_2011.pdf?F1297861634\">Circuito Diputaci\u00f3n Provincial 2011<\/a><\/span><\/p>\n<p><a href=\"http:\/\/www.carreraspopulares.com\/\"><span style=\"color: #800080;\">Carreras Populares (Muy Completo)<\/span><\/a><\/p>\n<p><a href=\"http:\/\/www.rfea.es\/web\/competiciones\/competiciones.asp\"><span style=\"color: #800080;\">Real Federaci\u00f3n Espa\u00f1ola de Atletismo<\/span><\/a><\/p>\n<p><a href=\"http:\/\/www.vamosacorrer.com\/calendario.php\"><span style=\"color: #800080;\">M\u00e1s Busqueda de Carreras<\/span><\/a><\/p>\n<\/div>\n<p><em> <\/em><\/p>\n<p><em><span style=\"color: #ff0000;\"><span style=\"text-decoration: underline;\">CTO. PROVINCIAL ABSOLUTO\u00a0 DE\u00a0 ATLETISMO EN\u00a0 FONTANAR\u00a0 SABADO 7-5-11 16HORAS<\/span><\/span><\/em><\/p>\n<p><em><span style=\"color: #ff0000;\"><span style=\"text-decoration: underline;\"> <\/span><\/span><\/em><\/p>\n<p><em><span style=\"color: #ff0000;\"><span style=\"text-decoration: underline;\">DOMINGO 8-5-11\u00a0 XXIII CROSS POPULAR LA RAMBLA\u00a0 A LAS\u00a0 10 HORAS <\/span><\/span><\/em><\/p>\n<p><span style=\"color: #ff0000;\"><span style=\"text-decoration: underline;\">Domingo 16 de enero de 2011<\/span><\/span><br \/>\nPOBLACI\u00d3N: Jaen (Ja\u00e9n)<br \/>\nORGANIZA: Patronato Municipal de Deportes de Ja\u00e9n<br \/>\nDISTANCIA: 9.500 m<br \/>\nTEL\u00c9FONOS: 953239126 &#8211; 680295645<\/p>\n<p>otros datos:<br \/>\n&#8211; MODALIDAD: Carrera Popular<br \/>\n&#8211; ACCESO WEB: [ 28 CARRERA URBANA INTERNACIONAL NOCHE DE SAN ANTON ]<\/p>\n<p><span style=\"color: #ff0000;\"><span style=\"text-decoration: underline;\">Domingo 16 de enero de 2011 a partir de las 09:30<\/span><\/span><br \/>\nPOBLACI\u00d3N: Santiponce (Sevilla)<br \/>\nORGANIZA: Diputaci\u00f3n de Sevilla<br \/>\nDISTANCIA: De 950 a 10.800 m<br \/>\nTEL\u00c9FONOS: 954550000<\/p>\n<p>otros datos:<br \/>\n&#8211; PREMIOS EN MET\u00c1LICO.<br \/>\n&#8211; MODALIDAD: Cross &#8211; Campo atrav\u00e9s<br \/>\n&#8211; ACCESO WEB: [ XXIX CROSS INTERNACIONAL DE ITALICA ]Domingo 23 de enero de 2011<br \/>\nPOBLACI\u00d3N: Puertollano (Ciudad Real)<br \/>\nORGANIZA: Ayuntamiento de Puertollano<br \/>\nDISTANCIA:<br \/>\nTEL\u00c9FONOS: 926415526 &#8211; 600581862 fax: 926415526<\/p>\n<p>otros datos:<br \/>\n&#8211; MODALIDAD: Cross &#8211; Campo atrav\u00e9s<br \/>\n&#8211; ACCESO WEB: [ 44 CROSS DEL CHORIZO CIUDAD DE PUERTOLLANO ]<\/p>\n<p><span style=\"color: #ff0000;\"><span style=\"text-decoration: underline;\">Domingo 23 de enero de 2011 a las 10:30<\/span><\/span><br \/>\nPOBLACI\u00d3N: Moron de la Frontera &#8211; Arahal (Sevilla)<br \/>\nORGANIZA: Patronato de Deportes de Mor\u00f3n de la Frontera<br \/>\nDelegaci\u00f3n de Deportes Arahal<br \/>\nDISTANCIA: 21.097 m<br \/>\nTEL\u00c9FONOS: 955841231 &#8211; 954852236<br \/>\nINSCRIPCI\u00d3N: 9 \u20ac hasta el 18 de enero.<\/p>\n<p>otros datos:<br \/>\n&#8211; DISTANCIA HOMOLOGADA.<br \/>\n&#8211; PREMIOS EN MET\u00c1LICO.<br \/>\n&#8211; CATEGOR\u00cdAS MINUSVALIDOS<br \/>\n&#8211; MODALIDAD: Media Marat\u00f3n<br \/>\n&#8211; ACCESO WEB: [ XXVIII MEDIA MARATON LA CAL Y EL OLIVO ]<\/p>\n<p><span style=\"color: #ff0000;\"><span style=\"text-decoration: underline;\">Domingo 23 de enero de 2011 a las 11:00<\/span><\/span><br \/>\nPOBLACI\u00d3N: Alovera (Guadalajara)<br \/>\nLugar de salida: Plaza Mayor<br \/>\nORGANIZA: Club de Atletismo Alovera<br \/>\nDISTANCIA: 10.000 m<br \/>\nTEL\u00c9FONOS: 949275102<br \/>\nINSCRIPCI\u00d3N: 8 \u20ac hasta el 19 de enero.<\/p>\n<p>otros datos:<br \/>\n&#8211; MODALIDAD: Carrera Popular<br \/>\n&#8211; ACCESO WEB: [ XIII CARRERA POPULAR ALOVERA ]<br \/>\n<span style=\"color: #ff0000;\"><span style=\"text-decoration: underline;\"> Domingo 30 de enero de 2011 a las 10:00<\/span><\/span><span style=\"text-decoration: underline;\"><br \/>\n<\/span> POBLACI\u00d3N: Los Yebenes (Toledo)<br \/>\nORGANIZA: Ayuntamiento de los Y\u00e9benes<br \/>\nDISTANCIA: Varias<br \/>\nTEL\u00c9FONOS: 649313608<br \/>\nINSCRIPCI\u00d3N: Gratuitas hasta el 28\/01<\/p>\n<p>otros datos:<br \/>\n&#8211; INSCRIPCI\u00d3N GRATUITA.<br \/>\n&#8211; MODALIDAD: Carrera Popular<br \/>\n&#8211; ACCESO WEB: [ XXI CARRERA POPULAR SAN BLAS ]<br \/>\n<span style=\"color: #ff0000;\"><span style=\"text-decoration: underline;\"> Domingo 13 de febrero de 2011<\/span><\/span><span style=\"text-decoration: underline;\"><br \/>\n<\/span> POBLACI\u00d3N: Balazote (Albacete)<br \/>\nORGANIZA: Ayuntamiento de Balazote<br \/>\nDISTANCIA: 10.000 m<\/p>\n<p>otros datos:<br \/>\n&#8211; MODALIDAD: Carrera Popular<\/p>\n","protected":false},"excerpt":{"rendered":"<p>Federaci\u00f3n Andaluza de Atletismo. Calendario de Carreras Circuito Diputaci\u00f3n Provincial 2011 Carreras Populares (Muy Completo) Real Federaci\u00f3n Espa\u00f1ola de Atletismo M\u00e1s Busqueda de Carreras CTO. PROVINCIAL ABSOLUTO\u00a0 DE\u00a0 ATLETISMO EN\u00a0&hellip;<\/p>\n","protected":false},"author":1,"featured_media":0,"parent":216,"menu_order":0,"comment_status":"open","ping_status":"open","template":"","meta":{"footnotes":"","_links_to":"","_links_to_target":""},"class_list":["post-331","page","type-page","status-publish","hentry"],"_links":{"self":[{"href":"https:\/\/atletismotriatlonlucena.com\/index.php?rest_route=\/wp\/v2\/pages\/331","targetHints":{"allow":["GET"]}}],"collection":[{"href":"https:\/\/atletismotriatlonlucena.com\/index.php?rest_route=\/wp\/v2\/pages"}],"about":[{"href":"https:\/\/atletismotriatlonlucena.com\/index.php?rest_route=\/wp\/v2\/types\/page"}],"author":[{"embeddable":true,"href":"https:\/\/atletismotriatlonlucena.com\/index.php?rest_route=\/wp\/v2\/users\/1"}],"replies":[{"embeddable":true,"href":"https:\/\/atletismotriatlonlucena.com\/index.php?rest_route=%2Fwp%2Fv2%2Fcomments&post=331"}],"version-history":[{"count":0,"href":"https:\/\/atletismotriatlonlucena.com\/index.php?rest_route=\/wp\/v2\/pages\/331\/revisions"}],"up":[{"embeddable":true,"href":"https:\/\/atletismotriatlonlucena.com\/index.php?rest_route=\/wp\/v2\/pages\/216"}],"wp:attachment":[{"href":"https:\/\/atletismotriatlonlucena.com\/index.php?rest_route=%2Fwp%2Fv2%2Fmedia&parent=331"}],"curies":[{"name":"wp","href":"https:\/\/api.w.org\/{rel}","templated":true}]}}